{"id":23656,"date":"2024-07-30T12:03:24","date_gmt":"2024-07-30T10:03:24","guid":{"rendered":"https:\/\/socialpubli.com\/blog\/?page_id=23656"},"modified":"2025-09-26T11:46:21","modified_gmt":"2025-09-26T09:46:21","slug":"influencer-marketing-resultados","status":"publish","type":"page","link":"https:\/\/socialpubli.com\/blog\/es\/influencer-marketing-resultados\/","title":{"rendered":"Results"},"content":{"rendered":"\t\t<div data-elementor-type=\"wp-page\" data-elementor-id=\"23656\" class=\"elementor elementor-23656 elementor-23655\" data-elementor-post-type=\"page\">\n\t\t\t\t<div class=\"elementor-element elementor-element-8815fed e-con-full e-flex e-con e-parent\" data-id=\"8815fed\" data-element_type=\"container\" data-e-type=\"container\" data-settings=\"{&quot;background_background&quot;:&quot;classic&quot;}\">\n\t\t<div class=\"elementor-element elementor-element-2860dce e-flex e-con-boxed e-con e-child\" data-id=\"2860dce\" data-element_type=\"container\" data-e-type=\"container\">\n\t\t\t\t\t<div class=\"e-con-inner\">\n\t\t\t\t<div class=\"elementor-element elementor-element-4d82e8e elementor-widget elementor-widget-heading\" data-id=\"4d82e8e\" data-element_type=\"widget\" data-e-type=\"widget\" data-widget_type=\"heading.default\">\n\t\t\t\t<div class=\"elementor-widget-container\">\n\t\t\t\t\t<h1 class=\"elementor-heading-title elementor-size-default\">Results<\/h1>\t\t\t\t<\/div>\n\t\t\t\t<\/div>\n\t\t\t\t<div class=\"elementor-element elementor-element-bbf9950 elementor-widget elementor-widget-text-editor\" data-id=\"bbf9950\" data-element_type=\"widget\" data-e-type=\"widget\" data-widget_type=\"text-editor.default\">\n\t\t\t\t<div class=\"elementor-widget-container\">\n\t\t\t\t\t\t\t\t\t<p>Vende en redes sociales con los mejores influencers.<\/p>\n\t\t\t\t\t\t\t\t<\/div>\n\t\t\t\t<\/div>\n\t\t\t\t<div class=\"elementor-element elementor-element-0f2314d elementor-widget elementor-widget-button\" data-id=\"0f2314d\" data-element_type=\"widget\" data-e-type=\"widget\" data-widget_type=\"button.default\">\n\t\t\t\t<div class=\"elementor-widget-container\">\n\t\t\t\t\t\t\t\t\t<div class=\"elementor-button-wrapper\">\n\t\t\t\t\t<a class=\"elementor-button elementor-button-link elementor-size-sm\" href=\"https:\/\/meetings.hubspot.com\/nicolas-moncada\">\n\t\t\t\t\t\t<span class=\"elementor-button-content-wrapper\">\n\t\t\t\t\t\t\t\t\t<span class=\"elementor-button-text\">\u00a1Reserva una reuni\u00f3n hoy!<\/span>\n\t\t\t\t\t<\/span>\n\t\t\t\t\t<\/a>\n\t\t\t\t<\/div>\n\t\t\t\t\t\t\t\t<\/div>\n\t\t\t\t<\/div>\n\t\t\t\t\t<\/div>\n\t\t\t\t<\/div>\n\t\t\t\t<\/div>\n\t\t<div class=\"elementor-element elementor-element-e4a88cf e-flex e-con-boxed e-con e-parent\" data-id=\"e4a88cf\" data-element_type=\"container\" data-e-type=\"container\">\n\t\t\t\t\t<div class=\"e-con-inner\">\n\t\t\t\t<div class=\"elementor-element elementor-element-0ce9f26 elementor-widget elementor-widget-text-editor\" data-id=\"0ce9f26\" data-element_type=\"widget\" data-e-type=\"widget\" data-widget_type=\"text-editor.default\">\n\t\t\t\t<div class=\"elementor-widget-container\">\n\t\t\t\t\t\t\t\t\t<h2 style=\"text-align: center;\"><span style=\"font-weight: 400; color: #fabb2e;\">\u00bfQu\u00e9 es Influencer Marketing a Resultados?<\/span><\/h2>\n<p style=\"text-align: center; font-size: 22px;\"><strong>Crea campa\u00f1as para vender gracias al contenido de influencers<\/strong><\/p>\n<p style=\"text-align: center;\"><span style=\"font-weight: 400;\">En SocialPubli tenemos el mejor sistema para llevar a cabo acciones orientadas a conversiones. Se trata del <strong>Influencer Marketing a Resultados, una estrategia efectiva con la que pagar\u00e1s solo por venta obtenida y a un CPA mucho m\u00e1s barato.<\/strong><\/span><\/p>\n\t\t\t\t\t\t\t\t<\/div>\n\t\t\t\t<\/div>\n\t\t\t\t\t<\/div>\n\t\t\t\t<\/div>\n\t\t<div class=\"elementor-element elementor-element-6f0e477 e-flex e-con-boxed e-con e-parent\" data-id=\"6f0e477\" data-element_type=\"container\" data-e-type=\"container\">\n\t\t\t\t\t<div class=\"e-con-inner\">\n\t\t<div class=\"elementor-element elementor-element-84f3d64 e-con-full e-flex e-con e-child\" data-id=\"84f3d64\" data-element_type=\"container\" data-e-type=\"container\">\n\t\t\t\t<div class=\"elementor-element elementor-element-0dd2443 elementor-widget elementor-widget-text-editor\" data-id=\"0dd2443\" data-element_type=\"widget\" data-e-type=\"widget\" data-widget_type=\"text-editor.default\">\n\t\t\t\t<div class=\"elementor-widget-container\">\n\t\t\t\t\t\t\t\t\t<h3 style=\"margin-top: 10px;\"><span style=\"font-weight: 400;\">Con Influencer Marketing a Resultados vendes con la ayuda de los influencers.<\/span><\/h3>\n<ul>\n<li style=\"font-weight: 400;\" aria-level=\"1\"><b>Convierte los contenidos creados por influencers en anuncios de pago <\/b>a trav\u00e9s de TikTok y Meta (Instagram y Facebook).<\/li>\n<li style=\"font-weight: 400;\" aria-level=\"1\"><span style=\"font-weight: 400;\">Al usar dichos contenidos como Paid Media, <strong>llegar\u00e1s a un p\u00fablico objetivo de manera m\u00e1s precisa<\/strong>, segmentando por edad, sexo, intereses y localizaci\u00f3n.<\/span><\/li>\n<li style=\"font-weight: 400;\" aria-level=\"1\"><span style=\"font-weight: 400;\"><strong>Los resultados se multiplicar\u00e1n <\/strong>en comparaci\u00f3n con los org\u00e1nicos. Adem\u00e1s, \u00a1el CTR ser\u00e1 hasta 4 veces mayor que Social Ads!<\/span><\/li>\n<\/ul>\n\t\t\t\t\t\t\t\t<\/div>\n\t\t\t\t<\/div>\n\t\t\t\t<\/div>\n\t\t<div class=\"elementor-element elementor-element-8678fe1 e-con-full e-flex e-con e-child\" data-id=\"8678fe1\" data-element_type=\"container\" data-e-type=\"container\">\n\t\t\t\t<div class=\"elementor-element elementor-element-6790a59 animated-slow elementor-invisible elementor-widget elementor-widget-image\" data-id=\"6790a59\" data-element_type=\"widget\" data-e-type=\"widget\" data-settings=\"{&quot;_animation&quot;:&quot;slideInUp&quot;}\" data-widget_type=\"image.default\">\n\t\t\t\t<div class=\"elementor-widget-container\">\n\t\t\t\t\t\t\t\t\t\t\t\t\t\t\t<img fetchpriority=\"high\" decoding=\"async\" width=\"800\" height=\"655\" src=\"https:\/\/socialpubli.com\/blog\/wp-content\/uploads\/2023\/10\/mockup_results_EN-1024x839.png\" class=\"attachment-large size-large wp-image-18184\" alt=\"\" srcset=\"https:\/\/socialpubli.com\/blog\/wp-content\/uploads\/2023\/10\/mockup_results_EN-1024x839.png 1024w, https:\/\/socialpubli.com\/blog\/wp-content\/uploads\/2023\/10\/mockup_results_EN-300x246.png 300w, https:\/\/socialpubli.com\/blog\/wp-content\/uploads\/2023\/10\/mockup_results_EN-768x629.png 768w, https:\/\/socialpubli.com\/blog\/wp-content\/uploads\/2023\/10\/mockup_results_EN.png 1480w\" sizes=\"(max-width: 800px) 100vw, 800px\" \/>\t\t\t\t\t\t\t\t\t\t\t\t\t\t\t<\/div>\n\t\t\t\t<\/div>\n\t\t\t\t<\/div>\n\t\t\t\t\t<\/div>\n\t\t\t\t<\/div>\n\t\t<div class=\"elementor-element elementor-element-3499bd8 e-flex e-con-boxed e-con e-parent\" data-id=\"3499bd8\" data-element_type=\"container\" data-e-type=\"container\">\n\t\t\t\t\t<div class=\"e-con-inner\">\n\t\t\t\t<div class=\"elementor-element elementor-element-a9f8bab elementor-widget elementor-widget-text-editor\" data-id=\"a9f8bab\" data-element_type=\"widget\" data-e-type=\"widget\" data-widget_type=\"text-editor.default\">\n\t\t\t\t<div class=\"elementor-widget-container\">\n\t\t\t\t\t\t\t\t\t<h2 style=\"text-align: center;\">Ventajas del Influencer Marketing a Resultados<\/h2>\n<ul>\n<li style=\"text-align: left;\"><strong><span style=\"color: #fabb2e;\">Pagar\u00e1s por los resultados obtenidos<\/span><\/strong>, dependiendo de tu objetivo concreto: ventas, alcance, conversiones, leads, clics, u otra m\u00e9trica.<\/li>\n<li style=\"text-align: left;\"><strong><span style=\"color: #fabb2e;\">Administrar\u00e1s tu presupuesto<\/span> <\/strong>y siempre asegurar\u00e1s un ROI positivo.<\/li>\n<li style=\"text-align: left;\"><strong><span style=\"color: #fabb2e;\">No pagar\u00e1s hasta que el usuario haga una determinada acci\u00f3n<\/span><\/strong>, como realizar una compra efectiva o rellenar un formulario.<\/li>\n<li style=\"text-align: left;\"><span style=\"color: #fabb2e;\"><strong>Te pondremos en contacto con los influencers<\/strong><\/span> con los que quieras trabajar, con el objetivo de optimizar la comunicaci\u00f3n en todo el proceso de trabajo.<\/li>\n<\/ul>\n\t\t\t\t\t\t\t\t<\/div>\n\t\t\t\t<\/div>\n\t\t\t\t<div class=\"elementor-element elementor-element-0d61a32 elementor-align-center elementor-widget elementor-widget-button\" data-id=\"0d61a32\" data-element_type=\"widget\" data-e-type=\"widget\" data-widget_type=\"button.default\">\n\t\t\t\t<div class=\"elementor-widget-container\">\n\t\t\t\t\t\t\t\t\t<div class=\"elementor-button-wrapper\">\n\t\t\t\t\t<a class=\"elementor-button elementor-button-link elementor-size-sm\" href=\"https:\/\/meetings.hubspot.com\/nicolas-moncada\">\n\t\t\t\t\t\t<span class=\"elementor-button-content-wrapper\">\n\t\t\t\t\t\t\t\t\t<span class=\"elementor-button-text\">\u00a1Reserva una reuni\u00f3n hoy!<\/span>\n\t\t\t\t\t<\/span>\n\t\t\t\t\t<\/a>\n\t\t\t\t<\/div>\n\t\t\t\t\t\t\t\t<\/div>\n\t\t\t\t<\/div>\n\t\t\t\t\t<\/div>\n\t\t\t\t<\/div>\n\t\t\t\t<\/div>\n\t\t","protected":false},"excerpt":{"rendered":"<p>Results Vende en redes sociales con los mejores influencers. \u00a1Reserva una reuni\u00f3n hoy! \u00bfQu\u00e9 es Influencer Marketing a Resultados? Crea campa\u00f1as para vender gracias al contenido de influencers En SocialPubli tenemos el mejor sistema para llevar a cabo acciones orientadas a conversiones. Se trata del Influencer Marketing a Resultados, una estrategia efectiva con la que [&hellip;]<\/p>\n","protected":false},"author":2,"featured_media":16495,"parent":0,"menu_order":0,"comment_status":"closed","ping_status":"closed","template":"elementor_header_footer","meta":{"footnotes":""},"class_list":["post-23656","page","type-page","status-publish","has-post-thumbnail","hentry"],"yoast_head":"<!-- This site is optimized with the Yoast SEO plugin v27.0 - https:\/\/yoast.com\/product\/yoast-seo-wordpress\/ -->\n<title>Marketing de influencers a resultados | SocialPubli Blog<\/title>\n<meta name=\"description\" content=\"Con la plataforma de Marketing de Influencers a Resultados pagar\u00e1s s\u00f3lo por la venta obtenida con un CPA mucho m\u00e1s barato. Entra y desc\u00fabrelo en SocialPubli.\" \/>\n<meta name=\"robots\" content=\"index, follow, max-snippet:-1, max-image-preview:large, max-video-preview:-1\" \/>\n<link rel=\"canonical\" href=\"https:\/\/socialpubli.com\/blog\/es\/influencer-marketing-resultados\/\" \/>\n<meta property=\"og:locale\" content=\"es_ES\" \/>\n<meta property=\"og:type\" content=\"article\" \/>\n<meta property=\"og:title\" content=\"Marketing de influencers orientado a las ventas | SocialPubli\" \/>\n<meta property=\"og:description\" content=\"Con la plataforma de Marketing de Influencers a Resultados pagar\u00e1s s\u00f3lo por la venta obtenida con un CPA mucho m\u00e1s barato. Entra y desc\u00fabrelo en SocialPubli.\" \/>\n<meta property=\"og:url\" content=\"https:\/\/socialpubli.com\/blog\/es\/influencer-marketing-resultados\/\" \/>\n<meta property=\"og:site_name\" content=\"Social Publi Blog\" \/>\n<meta property=\"article:modified_time\" content=\"2025-09-26T09:46:21+00:00\" \/>\n<meta property=\"og:image\" content=\"https:\/\/socialpubli.com\/blog\/wp-content\/uploads\/2023\/05\/PreviewCard_results_EN.png\" \/>\n\t<meta property=\"og:image:width\" content=\"560\" \/>\n\t<meta property=\"og:image:height\" content=\"281\" \/>\n\t<meta property=\"og:image:type\" content=\"image\/png\" \/>\n<meta name=\"twitter:card\" content=\"summary_large_image\" \/>\n<meta name=\"twitter:title\" content=\"Marketing de influencers orientado a las ventas | SocialPubli\" \/>\n<meta name=\"twitter:image\" content=\"https:\/\/socialpubli.com\/blog\/wp-content\/uploads\/2023\/05\/PreviewCard_results.png\" \/>\n<meta name=\"twitter:label1\" content=\"Tiempo de lectura\" \/>\n\t<meta name=\"twitter:data1\" content=\"2 minutos\" \/>\n<script type=\"application\/ld+json\" class=\"yoast-schema-graph\">{\"@context\":\"https:\/\/schema.org\",\"@graph\":[{\"@type\":\"WebPage\",\"@id\":\"https:\/\/socialpubli.com\/blog\/es\/influencer-marketing-resultados\/\",\"url\":\"https:\/\/socialpubli.com\/blog\/es\/influencer-marketing-resultados\/\",\"name\":\"Marketing de influencers a resultados | SocialPubli Blog\",\"isPartOf\":{\"@id\":\"https:\/\/socialpubli.com\/blog\/#website\"},\"primaryImageOfPage\":{\"@id\":\"https:\/\/socialpubli.com\/blog\/es\/influencer-marketing-resultados\/#primaryimage\"},\"image\":{\"@id\":\"https:\/\/socialpubli.com\/blog\/es\/influencer-marketing-resultados\/#primaryimage\"},\"thumbnailUrl\":\"https:\/\/socialpubli.com\/blog\/wp-content\/uploads\/2023\/05\/PreviewCard_results.png\",\"datePublished\":\"2024-07-30T10:03:24+00:00\",\"dateModified\":\"2025-09-26T09:46:21+00:00\",\"description\":\"Con la plataforma de Marketing de Influencers a Resultados pagar\u00e1s s\u00f3lo por la venta obtenida con un CPA mucho m\u00e1s barato. Entra y desc\u00fabrelo en SocialPubli.\",\"breadcrumb\":{\"@id\":\"https:\/\/socialpubli.com\/blog\/es\/influencer-marketing-resultados\/#breadcrumb\"},\"inLanguage\":\"es\",\"potentialAction\":[{\"@type\":\"ReadAction\",\"target\":[\"https:\/\/socialpubli.com\/blog\/es\/influencer-marketing-resultados\/\"]}]},{\"@type\":\"ImageObject\",\"inLanguage\":\"es\",\"@id\":\"https:\/\/socialpubli.com\/blog\/es\/influencer-marketing-resultados\/#primaryimage\",\"url\":\"https:\/\/socialpubli.com\/blog\/wp-content\/uploads\/2023\/05\/PreviewCard_results.png\",\"contentUrl\":\"https:\/\/socialpubli.com\/blog\/wp-content\/uploads\/2023\/05\/PreviewCard_results.png\",\"width\":560,\"height\":281,\"caption\":\"Influencer Marketing a Resultados\"},{\"@type\":\"BreadcrumbList\",\"@id\":\"https:\/\/socialpubli.com\/blog\/es\/influencer-marketing-resultados\/#breadcrumb\",\"itemListElement\":[{\"@type\":\"ListItem\",\"position\":1,\"name\":\"Portada\",\"item\":\"https:\/\/socialpubli.com\/blog\/\"},{\"@type\":\"ListItem\",\"position\":2,\"name\":\"Results\"}]},{\"@type\":\"WebSite\",\"@id\":\"https:\/\/socialpubli.com\/blog\/#website\",\"url\":\"https:\/\/socialpubli.com\/blog\/\",\"name\":\"Social Publi Blog\",\"description\":\"Tendencias en marketing de influencers, branded content y estrategia en redes sociales.\",\"publisher\":{\"@id\":\"https:\/\/socialpubli.com\/blog\/#organization\"},\"potentialAction\":[{\"@type\":\"SearchAction\",\"target\":{\"@type\":\"EntryPoint\",\"urlTemplate\":\"https:\/\/socialpubli.com\/blog\/?s={search_term_string}\"},\"query-input\":{\"@type\":\"PropertyValueSpecification\",\"valueRequired\":true,\"valueName\":\"search_term_string\"}}],\"inLanguage\":\"es\"},{\"@type\":\"Organization\",\"@id\":\"https:\/\/socialpubli.com\/blog\/#organization\",\"name\":\"SocialPubli\",\"url\":\"https:\/\/socialpubli.com\/blog\/\",\"logo\":{\"@type\":\"ImageObject\",\"inLanguage\":\"es\",\"@id\":\"https:\/\/socialpubli.com\/blog\/#\/schema\/logo\/image\/\",\"url\":\"https:\/\/socialpubli.com\/blog\/wp-content\/uploads\/2017\/01\/logo-blog.png\",\"contentUrl\":\"https:\/\/socialpubli.com\/blog\/wp-content\/uploads\/2017\/01\/logo-blog.png\",\"width\":284,\"height\":53,\"caption\":\"SocialPubli\"},\"image\":{\"@id\":\"https:\/\/socialpubli.com\/blog\/#\/schema\/logo\/image\/\"}}]}<\/script>\n<!-- \/ Yoast SEO plugin. -->","yoast_head_json":{"title":"Marketing de influencers a resultados | SocialPubli Blog","description":"Con la plataforma de Marketing de Influencers a Resultados pagar\u00e1s s\u00f3lo por la venta obtenida con un CPA mucho m\u00e1s barato. Entra y desc\u00fabrelo en SocialPubli.","robots":{"index":"index","follow":"follow","max-snippet":"max-snippet:-1","max-image-preview":"max-image-preview:large","max-video-preview":"max-video-preview:-1"},"canonical":"https:\/\/socialpubli.com\/blog\/es\/influencer-marketing-resultados\/","og_locale":"es_ES","og_type":"article","og_title":"Marketing de influencers orientado a las ventas | SocialPubli","og_description":"Con la plataforma de Marketing de Influencers a Resultados pagar\u00e1s s\u00f3lo por la venta obtenida con un CPA mucho m\u00e1s barato. Entra y desc\u00fabrelo en SocialPubli.","og_url":"https:\/\/socialpubli.com\/blog\/es\/influencer-marketing-resultados\/","og_site_name":"Social Publi Blog","article_modified_time":"2025-09-26T09:46:21+00:00","og_image":[{"width":560,"height":281,"url":"https:\/\/socialpubli.com\/blog\/wp-content\/uploads\/2023\/05\/PreviewCard_results_EN.png","type":"image\/png"}],"twitter_card":"summary_large_image","twitter_title":"Marketing de influencers orientado a las ventas | SocialPubli","twitter_image":"https:\/\/socialpubli.com\/blog\/wp-content\/uploads\/2023\/05\/PreviewCard_results.png","twitter_misc":{"Tiempo de lectura":"2 minutos"},"schema":{"@context":"https:\/\/schema.org","@graph":[{"@type":"WebPage","@id":"https:\/\/socialpubli.com\/blog\/es\/influencer-marketing-resultados\/","url":"https:\/\/socialpubli.com\/blog\/es\/influencer-marketing-resultados\/","name":"Marketing de influencers a resultados | SocialPubli Blog","isPartOf":{"@id":"https:\/\/socialpubli.com\/blog\/#website"},"primaryImageOfPage":{"@id":"https:\/\/socialpubli.com\/blog\/es\/influencer-marketing-resultados\/#primaryimage"},"image":{"@id":"https:\/\/socialpubli.com\/blog\/es\/influencer-marketing-resultados\/#primaryimage"},"thumbnailUrl":"https:\/\/socialpubli.com\/blog\/wp-content\/uploads\/2023\/05\/PreviewCard_results.png","datePublished":"2024-07-30T10:03:24+00:00","dateModified":"2025-09-26T09:46:21+00:00","description":"Con la plataforma de Marketing de Influencers a Resultados pagar\u00e1s s\u00f3lo por la venta obtenida con un CPA mucho m\u00e1s barato. Entra y desc\u00fabrelo en SocialPubli.","breadcrumb":{"@id":"https:\/\/socialpubli.com\/blog\/es\/influencer-marketing-resultados\/#breadcrumb"},"inLanguage":"es","potentialAction":[{"@type":"ReadAction","target":["https:\/\/socialpubli.com\/blog\/es\/influencer-marketing-resultados\/"]}]},{"@type":"ImageObject","inLanguage":"es","@id":"https:\/\/socialpubli.com\/blog\/es\/influencer-marketing-resultados\/#primaryimage","url":"https:\/\/socialpubli.com\/blog\/wp-content\/uploads\/2023\/05\/PreviewCard_results.png","contentUrl":"https:\/\/socialpubli.com\/blog\/wp-content\/uploads\/2023\/05\/PreviewCard_results.png","width":560,"height":281,"caption":"Influencer Marketing a Resultados"},{"@type":"BreadcrumbList","@id":"https:\/\/socialpubli.com\/blog\/es\/influencer-marketing-resultados\/#breadcrumb","itemListElement":[{"@type":"ListItem","position":1,"name":"Portada","item":"https:\/\/socialpubli.com\/blog\/"},{"@type":"ListItem","position":2,"name":"Results"}]},{"@type":"WebSite","@id":"https:\/\/socialpubli.com\/blog\/#website","url":"https:\/\/socialpubli.com\/blog\/","name":"Social Publi Blog","description":"Tendencias en marketing de influencers, branded content y estrategia en redes sociales.","publisher":{"@id":"https:\/\/socialpubli.com\/blog\/#organization"},"potentialAction":[{"@type":"SearchAction","target":{"@type":"EntryPoint","urlTemplate":"https:\/\/socialpubli.com\/blog\/?s={search_term_string}"},"query-input":{"@type":"PropertyValueSpecification","valueRequired":true,"valueName":"search_term_string"}}],"inLanguage":"es"},{"@type":"Organization","@id":"https:\/\/socialpubli.com\/blog\/#organization","name":"SocialPubli","url":"https:\/\/socialpubli.com\/blog\/","logo":{"@type":"ImageObject","inLanguage":"es","@id":"https:\/\/socialpubli.com\/blog\/#\/schema\/logo\/image\/","url":"https:\/\/socialpubli.com\/blog\/wp-content\/uploads\/2017\/01\/logo-blog.png","contentUrl":"https:\/\/socialpubli.com\/blog\/wp-content\/uploads\/2017\/01\/logo-blog.png","width":284,"height":53,"caption":"SocialPubli"},"image":{"@id":"https:\/\/socialpubli.com\/blog\/#\/schema\/logo\/image\/"}}]}},"_links":{"self":[{"href":"https:\/\/socialpubli.com\/blog\/es\/wp-json\/wp\/v2\/pages\/23656","targetHints":{"allow":["GET"]}}],"collection":[{"href":"https:\/\/socialpubli.com\/blog\/es\/wp-json\/wp\/v2\/pages"}],"about":[{"href":"https:\/\/socialpubli.com\/blog\/es\/wp-json\/wp\/v2\/types\/page"}],"author":[{"embeddable":true,"href":"https:\/\/socialpubli.com\/blog\/es\/wp-json\/wp\/v2\/users\/2"}],"replies":[{"embeddable":true,"href":"https:\/\/socialpubli.com\/blog\/es\/wp-json\/wp\/v2\/comments?post=23656"}],"version-history":[{"count":4,"href":"https:\/\/socialpubli.com\/blog\/es\/wp-json\/wp\/v2\/pages\/23656\/revisions"}],"predecessor-version":[{"id":23723,"href":"https:\/\/socialpubli.com\/blog\/es\/wp-json\/wp\/v2\/pages\/23656\/revisions\/23723"}],"wp:featuredmedia":[{"embeddable":true,"href":"https:\/\/socialpubli.com\/blog\/es\/wp-json\/wp\/v2\/media\/16495"}],"wp:attachment":[{"href":"https:\/\/socialpubli.com\/blog\/es\/wp-json\/wp\/v2\/media?parent=23656"}],"curies":[{"name":"wp","href":"https:\/\/api.w.org\/{rel}","templated":true}]}}