{"id":8008,"date":"2020-07-21T12:18:25","date_gmt":"2020-07-21T10:18:25","guid":{"rendered":"https:\/\/socialpubli.com\/blog\/?page_id=8008"},"modified":"2025-10-06T17:37:04","modified_gmt":"2025-10-06T15:37:04","slug":"linkedin-influencers","status":"publish","type":"page","link":"https:\/\/socialpubli.com\/blog\/es\/linkedin-influencers\/","title":{"rendered":"Haz tu publicidad en LinkedIn con influencers"},"content":{"rendered":"<div class=\"wpb-content-wrapper\"><p>[vc_row][vc_column][vc_row_inner][vc_column_inner width=\u00bb1\/2&#8243;][vc_column_text css=\u00bb.vc_custom_1600080684173{padding-bottom: 40px !important;}\u00bb]<\/p>\n<h2>\u00bfQUIERES HACER PUBLICIDAD EN LINKEDIN PARA TU EMPRESA?<\/h2>\n<p><span style='font-weight: 400;'>El B2B es imprescindible a la hora de fomentar relaciones comerciales y personales enfocadas al \u00e1mbito laboral. \u00c9stas son importantes a la hora de generar oportunidades beneficiosas para tu marca. Por eso, desde SocialPubli no queremos olvidar este tipo de marketing y desarrollamos campa\u00f1as de publicidad en LinkedIn para empresas enfocadas a este \u00e1mbito.<\/span><\/p>\n<p><span style='font-weight: 400;'>La red social id\u00f3nea para estas situaciones es LinkedIn. All\u00ed puedes trabajar con influencers para promocionar y potenciar tu negocio, as\u00ed como crear nuevos lazos con tu p\u00fablico objetivo y potenciales clientes.<\/span><\/p>\n<p><span style='font-weight: 400;'>Puedes desarrollar campa\u00f1as de LinkedIn con influencers de distintos perfiles: microinfluencers, embajadores, empresas, medios, etc., que est\u00e9n relacionados con los intereses de tu target.<\/span>[\/vc_column_text][qodef_button size=\u00bbmedium\u00bb text=\u00bbPRU\u00c9BALO AHORA\u00bb target=\u00bb_self\u00bb icon_pack=\u00bb\u00bb font_weight=\u00bb\u00bb text_transform=\u00bb\u00bb link=\u00bbhttps:\/\/socialpubli.com\/es#advertiser_signup\u00bb custom_class=\u00bbbtn-not-resp\u00bb][\/vc_column_inner][vc_column_inner el_class=\u00bbform-gradient\u00bb width=\u00bb1\/2&#8243; css=\u00bb.vc_custom_1596666359515{padding-right: 40px !important;padding-bottom: 60px !important;padding-left: 40px !important;}\u00bb][vc_column_text]<\/p>\n<div class='box-form-land'>\n<h2><span style='color: #ffffff;'>Si quieres m\u00e1s informaci\u00f3n desc\u00e1rgate nuestra gu\u00eda sobre campa\u00f1as con Linkedin aqu\u00ed:<\/span><\/h2>\n<div class=\"wpcf7 no-js\" id=\"wpcf7-f8088-o1\" lang=\"es-ES\" dir=\"ltr\" data-wpcf7-id=\"8088\">\n<div class=\"screen-reader-response\">\n<p role=\"status\" aria-live=\"polite\" aria-atomic=\"true\"><\/p> <ul><\/ul>\n<\/div>\n<form action=\"\/blog\/es\/wp-json\/wp\/v2\/pages\/8008\/#wpcf7-f8088-o1\" method=\"post\" class=\"wpcf7-form init wpcf7-acceptance-as-validation\" aria-label=\"Formulario de contacto\" novalidate=\"novalidate\" data-status=\"init\">\n<fieldset class=\"hidden-fields-container\">\n<input type=\"hidden\" name=\"_wpcf7\" value=\"8088\"><input type=\"hidden\" name=\"_wpcf7_version\" value=\"6.1.5\"><input type=\"hidden\" name=\"_wpcf7_locale\" value=\"es_ES\"><input type=\"hidden\" name=\"_wpcf7_unit_tag\" value=\"wpcf7-f8088-o1\"><input type=\"hidden\" name=\"_wpcf7_container_post\" value=\"0\"><input type=\"hidden\" name=\"_wpcf7_posted_data_hash\" value=\"\"><input type=\"hidden\" name=\"_wpcf7_recaptcha_response\" value=\"\">\n<\/fieldset>\n<p><label> Tu nombre (requerido)<br>\n<span class=\"wpcf7-form-control-wrap\" data-name=\"your-name\"><input size=\"40\" maxlength=\"400\" class=\"wpcf7-form-control wpcf7-text wpcf7-validates-as-required\" aria-required=\"true\" aria-invalid=\"false\" value=\"\" type=\"text\" name=\"your-name\"><\/span> <\/label>\n<\/p>\n<p><label> Tu correo electr&oacute;nico (requerido)<br>\n<span class=\"wpcf7-form-control-wrap\" data-name=\"your-email\"><input size=\"40\" maxlength=\"400\" class=\"wpcf7-form-control wpcf7-email wpcf7-validates-as-required wpcf7-text wpcf7-validates-as-email\" aria-required=\"true\" aria-invalid=\"false\" value=\"\" type=\"email\" name=\"your-email\"><\/span> <\/label>\n<\/p>\n<p><label> Tu tel&eacute;fono (requerido)<br>\n<span class=\"wpcf7-form-control-wrap\" data-name=\"tel-705\"><input size=\"40\" maxlength=\"400\" class=\"wpcf7-form-control wpcf7-tel wpcf7-validates-as-required wpcf7-text wpcf7-validates-as-tel\" aria-required=\"true\" aria-invalid=\"false\" value=\"\" type=\"tel\" name=\"tel-705\"><\/span> <\/label>\n<\/p>\n<p><label> Tu empresa (requerido)<br>\n<span class=\"wpcf7-form-control-wrap\" data-name=\"text-853\"><input size=\"40\" maxlength=\"400\" class=\"wpcf7-form-control wpcf7-text\" aria-invalid=\"false\" value=\"\" type=\"text\" name=\"text-853\"><\/span><br>\n<\/label>\n<\/p>\n<p><span class=\"wpcf7-form-control-wrap\" data-name=\"acceptance-919\"><span class=\"wpcf7-form-control wpcf7-acceptance\"><span class=\"wpcf7-list-item\"><input type=\"checkbox\" name=\"acceptance-919\" value=\"1\" aria-invalid=\"false\"><\/span><\/span><\/span> Acepto la <a href=\"https:\/\/socialpubli.com\/corp\/advertisers\/politica_de_privacidad\" target=\"blank\" rel=\"nofollow\">pol&iacute;tica de Privacidad<\/a>\n<\/p>\n<p><span class=\"wpcf7-form-control-wrap\" data-name=\"acceptance-694\"><span class=\"wpcf7-form-control wpcf7-acceptance\"><span class=\"wpcf7-list-item\"><input type=\"checkbox\" name=\"acceptance-694\" value=\"1\" aria-invalid=\"false\"><\/span><\/span><\/span> Acepto comunicaci&oacute;n comercial de Socialpubli\n<\/p>\n<p><input class=\"wpcf7-form-control wpcf7-submit has-spinner\" type=\"submit\" value=\"Descargar\">\n<\/p>\n<p style=\"display: none !important;\" class=\"akismet-fields-container\" data-prefix=\"_wpcf7_ak_\"><label>&Delta;<textarea name=\"_wpcf7_ak_hp_textarea\" cols=\"45\" rows=\"8\" maxlength=\"100\"><\/textarea><\/label><input type=\"hidden\" id=\"ak_js_1\" name=\"_wpcf7_ak_js\" value=\"20\"><script>document.getElementById( \"ak_js_1\" ).setAttribute( \"value\", ( new Date() ).getTime() );<\/script><\/p>\n<label class=\"ebd_input\"><input type=\"hidden\" name=\"ebd_downloads[]\" value=\"8089|Linkedin by Socialpubli\"> <\/label><input type=\"hidden\" class=\"ebd_setting\" name=\"ebd_settings[]\" value=\"title|Linkedin by Socialpubli\"><input type=\"hidden\" class=\"ebd_setting\" name=\"ebd_settings[]\" value=\"delivered_as|inline link\"><input type=\"hidden\" class=\"ebd_setting\" name=\"ebd_settings[]\" value=\"hide_form|no\"><input type=\"hidden\" class=\"ebd_setting\" name=\"ebd_settings[]\" value=\"radio|no\"><input type=\"hidden\" class=\"ebd_setting\" name=\"ebd_settings[]\" value=\"link_format|_blank\"><input type=\"hidden\" class=\"ebd_setting\" name=\"ebd_settings[]\" value=\"file_thumbnail|no\"><input type=\"hidden\" class=\"ebd_setting\" name=\"ebd_settings[]\" value=\"item_id|35\"><input type=\"hidden\" class=\"ebd_setting\" name=\"ebd_settings[]\" value=\"form_id|wpcf7-f8088-o1\"><div class=\"wpcf7-response-output\" aria-hidden=\"true\"><\/div>\n<\/form>\n<\/div>\n\n<\/div>\n<p>[\/vc_column_text][\/vc_column_inner][\/vc_row_inner][\/vc_column][\/vc_row][vc_row css=\u00bb.vc_custom_1595249731266{background-position: center !important;background-repeat: no-repeat !important;background-size: cover !important;}\u00bb][vc_column][vc_row_inner][vc_column_inner width=\u00bb1\/3&#8243; css=\u00bb.vc_custom_1596696102212{padding-top: 20% !important;padding-bottom: 20px !important;}\u00bb][vc_single_image image=\u00bb8079&#8243; img_size=\u00bbfull\u00bb alignment=\u00bbcenter\u00bb el_class=\u00bbimg-mobile-module\u00bb][\/vc_column_inner][vc_column_inner width=\u00bb2\/3&#8243;][vc_column_text css=\u00bb.vc_custom_1600081037907{padding-bottom: 40px !important;}\u00bb]<\/p>\n<h2>\u00bfC\u00f3mo crear una campa\u00f1a en LinkedIn con influencers?<\/h2>\n<p><span style='font-weight: 400;'>Como ya sabr\u00e1s si has trabajado anteriormente con nosotros, en SocialPubli simplificamos los procesos para que tu experiencia como anunciante con nosotros sea sencilla a la vez que \u00f3ptima.<\/span><\/p>\n<p><span style='font-weight: 400;'>Crear una campa\u00f1a de LinkedIn con influencers en SocialPubli es muy sencillo. Nuestra herramienta es intuitiva y trabajar con ella te ser\u00e1 muy f\u00e1cil. Una vez est\u00e9s registrado como anunciante, podr\u00e1s a\u00f1adir el saldo que vas a destinar a las campa\u00f1as de LinkedIn para tu empresa mediante tarjeta de cr\u00e9dito, transferencia bancaria o Paypal.<\/span><\/p>\n<p><span style='font-weight: 400;'>El siguiente paso es crear la campa\u00f1a desde tu panel de anunciante. Y es igual de sencillo que el anterior. En este caso, deber\u00e1s rellenar el formulario con todos los datos necesarios para que los influencers con los que trabajamos en LinkedIn sigan tus instrucciones.<\/span><\/p>\n<p><span style='font-weight: 400;'>Tienes la opci\u00f3n de a\u00f1adir lo siguiente: nombre de la campa\u00f1a, descripci\u00f3n, el mensaje que deseas que publiquen los influencers, hashtags, un enlace o una palabra o frase clave que debe contener el texto, en caso de que quieras dar v\u00eda libre a los influencers a la hora de publicar.<\/span>[\/vc_column_text][qodef_button size=\u00bbmedium\u00bb text=\u00bbPRU\u00c9BALO AHORA\u00bb target=\u00bb_self\u00bb icon_pack=\u00bb\u00bb font_weight=\u00bb\u00bb text_transform=\u00bb\u00bb link=\u00bbhttps:\/\/socialpubli.com\/es#advertiser_signup\u00bb][\/vc_column_inner][\/vc_row_inner][vc_row_inner css=\u00bb.vc_custom_1595235211406{margin-top: 50px !important;}\u00bb][vc_column_inner width=\u00bb2\/3&#8243; css=\u00bb.vc_custom_1595241329245{padding-top: 20px !important;padding-bottom: 20px !important;}\u00bb][vc_column_text css=\u00bb.vc_custom_1600081095497{padding-bottom: 40px !important;}\u00bb]<span style='font-weight: 400;'>En este sentido, cuanto m\u00e1s espec\u00edfico seas con respecto a las condiciones de la campa\u00f1a, el contenido que quieres que publiquen los influencers, el mensaje principal de la publicaci\u00f3n, el target al que va dirigida la acci\u00f3n, el perfil de influencer y todo lo se\u00f1alado anteriormente, mejor ser\u00e1 el resultado de tu campa\u00f1a en LinkedIn.<\/span><\/p>\n<p><span style='font-weight: 400;'>Si optas por dar libertad a los influencers para que ellos mismos creen el mensaje, no debes preocuparte por el contenido de \u00e9ste, ya que en SocialPubli apostamos por el brand safety y todos los mensajes que los influencers env\u00eden para participar en tus campa\u00f1as, deben tener tu aprobaci\u00f3n, por lo que podr\u00e1s moderarlos antes de ser publicados. Esto significa que, como anunciante, siempre vas a tener el control sobre las publicaciones y podr\u00e1s pedirles cambios en caso de que no consideres el contenido adecuado o acorde con el mensaje que quer\u00edas transmitir de inicio.<\/span><\/p>\n<p><span style='font-weight: 400;'>El proceso no acaba aqu\u00ed. Queremos que en todo momento seas consciente de la evoluci\u00f3n de la campa\u00f1a de publicidad en LinkedIn, as\u00ed como de los resultados de \u00e9sta una vez concluya. Por eso, durante la campa\u00f1a y al finalizar, tendr\u00e1s un informe completo con el que podr\u00e1s medir el \u00e9xito de las campa\u00f1as que realices con SocialPubli.<\/span>[\/vc_column_text][qodef_button size=\u00bbmedium\u00bb text=\u00bbEMPIEZA YA\u00bb target=\u00bb_self\u00bb icon_pack=\u00bb\u00bb font_weight=\u00bb\u00bb text_transform=\u00bb\u00bb link=\u00bbhttps:\/\/socialpubli.com\/es#advertiser_signup\u00bb][\/vc_column_inner][vc_column_inner width=\u00bb1\/3&#8243;][vc_single_image image=\u00bb8101&#8243; img_size=\u00bbfull\u00bb el_class=\u00bbimg-mobile-module\u00bb][\/vc_column_inner][\/vc_row_inner][\/vc_column][\/vc_row]<\/p>\n<\/div>","protected":false},"excerpt":{"rendered":"<p>[vc_row][vc_column][vc_row_inner][vc_column_inner width=\u00bb1\/2&#8243;][vc_column_text css=\u00bb.vc_custom_1600080684173{padding-bottom: 40px !important;}\u00bb] \u00bfQUIERES HACER PUBLICIDAD EN LINKEDIN PARA TU EMPRESA? El B2B es imprescindible a la hora de fomentar relaciones comerciales y personales enfocadas al \u00e1mbito laboral. \u00c9stas son importantes a la hora de generar oportunidades beneficiosas para tu marca. Por eso, desde SocialPubli no queremos olvidar este tipo de marketing y [&hellip;]<\/p>\n","protected":false},"author":2,"featured_media":8054,"parent":0,"menu_order":0,"comment_status":"closed","ping_status":"closed","template":"","meta":{"footnotes":""},"class_list":["post-8008","page","type-page","status-publish","has-post-thumbnail","hentry"],"yoast_head":"<!-- This site is optimized with the Yoast SEO plugin v27.0 - https:\/\/yoast.com\/product\/yoast-seo-wordpress\/ -->\n<title>LinkedIn Influencers: crea campa\u00f1as de marketing | SocialPubli Blog<\/title>\n<meta name=\"description\" content=\"\u00bfQuieres hacer publicidad en LinkedIn para tu empresa? Lanza campa\u00f1as ahora con influencers que impacten a tu p\u00fablico objetivo y hagan crecer tu marca.\" \/>\n<meta name=\"robots\" content=\"index, follow, max-snippet:-1, max-image-preview:large, max-video-preview:-1\" \/>\n<link rel=\"canonical\" href=\"https:\/\/socialpubli.com\/blog\/es\/linkedin-influencers\/\" \/>\n<meta property=\"og:locale\" content=\"es_ES\" \/>\n<meta property=\"og:type\" content=\"article\" \/>\n<meta property=\"og:title\" content=\"LinkedIn Influencers: crea campa\u00f1as de marketing | SocialPubli Blog\" \/>\n<meta property=\"og:description\" content=\"\u00bfQuieres hacer publicidad en LinkedIn para tu empresa? Lanza campa\u00f1as ahora con influencers que impacten a tu p\u00fablico objetivo y hagan crecer tu marca.\" \/>\n<meta property=\"og:url\" content=\"https:\/\/socialpubli.com\/blog\/es\/linkedin-influencers\/\" \/>\n<meta property=\"og:site_name\" content=\"Social Publi Blog\" \/>\n<meta property=\"article:modified_time\" content=\"2025-10-06T15:37:04+00:00\" \/>\n<meta property=\"og:image\" content=\"https:\/\/socialpubli.com\/blog\/wp-content\/uploads\/2020\/07\/363.jpg\" \/>\n\t<meta property=\"og:image:width\" content=\"700\" \/>\n\t<meta property=\"og:image:height\" content=\"250\" \/>\n\t<meta property=\"og:image:type\" content=\"image\/jpeg\" \/>\n<meta name=\"twitter:card\" content=\"summary_large_image\" \/>\n<meta name=\"twitter:label1\" content=\"Tiempo de lectura\" \/>\n\t<meta name=\"twitter:data1\" content=\"4 minutos\" \/>\n<script type=\"application\/ld+json\" class=\"yoast-schema-graph\">{\"@context\":\"https:\/\/schema.org\",\"@graph\":[{\"@type\":\"WebPage\",\"@id\":\"https:\/\/socialpubli.com\/blog\/es\/linkedin-influencers\/\",\"url\":\"https:\/\/socialpubli.com\/blog\/es\/linkedin-influencers\/\",\"name\":\"LinkedIn Influencers: crea campa\u00f1as de marketing | SocialPubli Blog\",\"isPartOf\":{\"@id\":\"https:\/\/socialpubli.com\/blog\/#website\"},\"primaryImageOfPage\":{\"@id\":\"https:\/\/socialpubli.com\/blog\/es\/linkedin-influencers\/#primaryimage\"},\"image\":{\"@id\":\"https:\/\/socialpubli.com\/blog\/es\/linkedin-influencers\/#primaryimage\"},\"thumbnailUrl\":\"https:\/\/socialpubli.com\/blog\/wp-content\/uploads\/2020\/07\/363.jpg\",\"datePublished\":\"2020-07-21T10:18:25+00:00\",\"dateModified\":\"2025-10-06T15:37:04+00:00\",\"description\":\"\u00bfQuieres hacer publicidad en LinkedIn para tu empresa? Lanza campa\u00f1as ahora con influencers que impacten a tu p\u00fablico objetivo y hagan crecer tu marca.\",\"breadcrumb\":{\"@id\":\"https:\/\/socialpubli.com\/blog\/es\/linkedin-influencers\/#breadcrumb\"},\"inLanguage\":\"es\",\"potentialAction\":[{\"@type\":\"ReadAction\",\"target\":[\"https:\/\/socialpubli.com\/blog\/es\/linkedin-influencers\/\"]}]},{\"@type\":\"ImageObject\",\"inLanguage\":\"es\",\"@id\":\"https:\/\/socialpubli.com\/blog\/es\/linkedin-influencers\/#primaryimage\",\"url\":\"https:\/\/socialpubli.com\/blog\/wp-content\/uploads\/2020\/07\/363.jpg\",\"contentUrl\":\"https:\/\/socialpubli.com\/blog\/wp-content\/uploads\/2020\/07\/363.jpg\",\"width\":700,\"height\":250,\"caption\":\"CHIANGMAI, THAILAND -FEBRUARY 7, 2017:LG Nexus5 opened to Linkedin app. Linkedin is a social networking website for people in professional occupations.\"},{\"@type\":\"BreadcrumbList\",\"@id\":\"https:\/\/socialpubli.com\/blog\/es\/linkedin-influencers\/#breadcrumb\",\"itemListElement\":[{\"@type\":\"ListItem\",\"position\":1,\"name\":\"Portada\",\"item\":\"https:\/\/socialpubli.com\/blog\/\"},{\"@type\":\"ListItem\",\"position\":2,\"name\":\"Haz tu publicidad en LinkedIn con influencers\"}]},{\"@type\":\"WebSite\",\"@id\":\"https:\/\/socialpubli.com\/blog\/#website\",\"url\":\"https:\/\/socialpubli.com\/blog\/\",\"name\":\"Social Publi Blog\",\"description\":\"Tendencias en marketing de influencers, branded content y estrategia en redes sociales.\",\"publisher\":{\"@id\":\"https:\/\/socialpubli.com\/blog\/#organization\"},\"potentialAction\":[{\"@type\":\"SearchAction\",\"target\":{\"@type\":\"EntryPoint\",\"urlTemplate\":\"https:\/\/socialpubli.com\/blog\/?s={search_term_string}\"},\"query-input\":{\"@type\":\"PropertyValueSpecification\",\"valueRequired\":true,\"valueName\":\"search_term_string\"}}],\"inLanguage\":\"es\"},{\"@type\":\"Organization\",\"@id\":\"https:\/\/socialpubli.com\/blog\/#organization\",\"name\":\"SocialPubli\",\"url\":\"https:\/\/socialpubli.com\/blog\/\",\"logo\":{\"@type\":\"ImageObject\",\"inLanguage\":\"es\",\"@id\":\"https:\/\/socialpubli.com\/blog\/#\/schema\/logo\/image\/\",\"url\":\"https:\/\/socialpubli.com\/blog\/wp-content\/uploads\/2017\/01\/logo-blog.png\",\"contentUrl\":\"https:\/\/socialpubli.com\/blog\/wp-content\/uploads\/2017\/01\/logo-blog.png\",\"width\":284,\"height\":53,\"caption\":\"SocialPubli\"},\"image\":{\"@id\":\"https:\/\/socialpubli.com\/blog\/#\/schema\/logo\/image\/\"}}]}<\/script>\n<!-- \/ Yoast SEO plugin. -->","yoast_head_json":{"title":"LinkedIn Influencers: crea campa\u00f1as de marketing | SocialPubli Blog","description":"\u00bfQuieres hacer publicidad en LinkedIn para tu empresa? Lanza campa\u00f1as ahora con influencers que impacten a tu p\u00fablico objetivo y hagan crecer tu marca.","robots":{"index":"index","follow":"follow","max-snippet":"max-snippet:-1","max-image-preview":"max-image-preview:large","max-video-preview":"max-video-preview:-1"},"canonical":"https:\/\/socialpubli.com\/blog\/es\/linkedin-influencers\/","og_locale":"es_ES","og_type":"article","og_title":"LinkedIn Influencers: crea campa\u00f1as de marketing | SocialPubli Blog","og_description":"\u00bfQuieres hacer publicidad en LinkedIn para tu empresa? Lanza campa\u00f1as ahora con influencers que impacten a tu p\u00fablico objetivo y hagan crecer tu marca.","og_url":"https:\/\/socialpubli.com\/blog\/es\/linkedin-influencers\/","og_site_name":"Social Publi Blog","article_modified_time":"2025-10-06T15:37:04+00:00","og_image":[{"width":700,"height":250,"url":"https:\/\/socialpubli.com\/blog\/wp-content\/uploads\/2020\/07\/363.jpg","type":"image\/jpeg"}],"twitter_card":"summary_large_image","twitter_misc":{"Tiempo de lectura":"4 minutos"},"schema":{"@context":"https:\/\/schema.org","@graph":[{"@type":"WebPage","@id":"https:\/\/socialpubli.com\/blog\/es\/linkedin-influencers\/","url":"https:\/\/socialpubli.com\/blog\/es\/linkedin-influencers\/","name":"LinkedIn Influencers: crea campa\u00f1as de marketing | SocialPubli Blog","isPartOf":{"@id":"https:\/\/socialpubli.com\/blog\/#website"},"primaryImageOfPage":{"@id":"https:\/\/socialpubli.com\/blog\/es\/linkedin-influencers\/#primaryimage"},"image":{"@id":"https:\/\/socialpubli.com\/blog\/es\/linkedin-influencers\/#primaryimage"},"thumbnailUrl":"https:\/\/socialpubli.com\/blog\/wp-content\/uploads\/2020\/07\/363.jpg","datePublished":"2020-07-21T10:18:25+00:00","dateModified":"2025-10-06T15:37:04+00:00","description":"\u00bfQuieres hacer publicidad en LinkedIn para tu empresa? Lanza campa\u00f1as ahora con influencers que impacten a tu p\u00fablico objetivo y hagan crecer tu marca.","breadcrumb":{"@id":"https:\/\/socialpubli.com\/blog\/es\/linkedin-influencers\/#breadcrumb"},"inLanguage":"es","potentialAction":[{"@type":"ReadAction","target":["https:\/\/socialpubli.com\/blog\/es\/linkedin-influencers\/"]}]},{"@type":"ImageObject","inLanguage":"es","@id":"https:\/\/socialpubli.com\/blog\/es\/linkedin-influencers\/#primaryimage","url":"https:\/\/socialpubli.com\/blog\/wp-content\/uploads\/2020\/07\/363.jpg","contentUrl":"https:\/\/socialpubli.com\/blog\/wp-content\/uploads\/2020\/07\/363.jpg","width":700,"height":250,"caption":"CHIANGMAI, THAILAND -FEBRUARY 7, 2017:LG Nexus5 opened to Linkedin app. Linkedin is a social networking website for people in professional occupations."},{"@type":"BreadcrumbList","@id":"https:\/\/socialpubli.com\/blog\/es\/linkedin-influencers\/#breadcrumb","itemListElement":[{"@type":"ListItem","position":1,"name":"Portada","item":"https:\/\/socialpubli.com\/blog\/"},{"@type":"ListItem","position":2,"name":"Haz tu publicidad en LinkedIn con influencers"}]},{"@type":"WebSite","@id":"https:\/\/socialpubli.com\/blog\/#website","url":"https:\/\/socialpubli.com\/blog\/","name":"Social Publi Blog","description":"Tendencias en marketing de influencers, branded content y estrategia en redes sociales.","publisher":{"@id":"https:\/\/socialpubli.com\/blog\/#organization"},"potentialAction":[{"@type":"SearchAction","target":{"@type":"EntryPoint","urlTemplate":"https:\/\/socialpubli.com\/blog\/?s={search_term_string}"},"query-input":{"@type":"PropertyValueSpecification","valueRequired":true,"valueName":"search_term_string"}}],"inLanguage":"es"},{"@type":"Organization","@id":"https:\/\/socialpubli.com\/blog\/#organization","name":"SocialPubli","url":"https:\/\/socialpubli.com\/blog\/","logo":{"@type":"ImageObject","inLanguage":"es","@id":"https:\/\/socialpubli.com\/blog\/#\/schema\/logo\/image\/","url":"https:\/\/socialpubli.com\/blog\/wp-content\/uploads\/2017\/01\/logo-blog.png","contentUrl":"https:\/\/socialpubli.com\/blog\/wp-content\/uploads\/2017\/01\/logo-blog.png","width":284,"height":53,"caption":"SocialPubli"},"image":{"@id":"https:\/\/socialpubli.com\/blog\/#\/schema\/logo\/image\/"}}]}},"_links":{"self":[{"href":"https:\/\/socialpubli.com\/blog\/es\/wp-json\/wp\/v2\/pages\/8008","targetHints":{"allow":["GET"]}}],"collection":[{"href":"https:\/\/socialpubli.com\/blog\/es\/wp-json\/wp\/v2\/pages"}],"about":[{"href":"https:\/\/socialpubli.com\/blog\/es\/wp-json\/wp\/v2\/types\/page"}],"author":[{"embeddable":true,"href":"https:\/\/socialpubli.com\/blog\/es\/wp-json\/wp\/v2\/users\/2"}],"replies":[{"embeddable":true,"href":"https:\/\/socialpubli.com\/blog\/es\/wp-json\/wp\/v2\/comments?post=8008"}],"version-history":[{"count":20,"href":"https:\/\/socialpubli.com\/blog\/es\/wp-json\/wp\/v2\/pages\/8008\/revisions"}],"predecessor-version":[{"id":12380,"href":"https:\/\/socialpubli.com\/blog\/es\/wp-json\/wp\/v2\/pages\/8008\/revisions\/12380"}],"wp:featuredmedia":[{"embeddable":true,"href":"https:\/\/socialpubli.com\/blog\/es\/wp-json\/wp\/v2\/media\/8054"}],"wp:attachment":[{"href":"https:\/\/socialpubli.com\/blog\/es\/wp-json\/wp\/v2\/media?parent=8008"}],"curies":[{"name":"wp","href":"https:\/\/api.w.org\/{rel}","templated":true}]}}