{"id":24796,"date":"2024-10-30T13:52:06","date_gmt":"2024-10-30T12:52:06","guid":{"rendered":"https:\/\/socialpubli.com\/blog\/?page_id=24796"},"modified":"2024-10-31T15:41:48","modified_gmt":"2024-10-31T14:41:48","slug":"estrategias-de-influencia-nas-redes-sociais","status":"publish","type":"page","link":"https:\/\/socialpubli.com\/blog\/pt-pt\/estrategias-de-influencia-nas-redes-sociais\/","title":{"rendered":"Estrat\u00e9gias de Influ\u00eancia nas Redes Sociais: An\u00e1lise de Trump e Harris na Corrida Eleitoral"},"content":{"rendered":"\t\t<div data-elementor-type=\"wp-page\" data-elementor-id=\"24796\" class=\"elementor elementor-24796\" data-elementor-post-type=\"page\">\n\t\t\t\t<div class=\"elementor-element elementor-element-1db90cf e-flex e-con-boxed e-con e-parent\" data-id=\"1db90cf\" data-element_type=\"container\" data-e-type=\"container\" data-settings=\"{&quot;background_background&quot;:&quot;classic&quot;}\">\n\t\t\t\t\t<div class=\"e-con-inner\">\n\t\t\t\t<div class=\"elementor-element elementor-element-3a837a4 elementor-widget__width-initial elementor-widget-tablet__width-initial elementor-widget-mobile__width-initial elementor-widget elementor-widget-heading\" data-id=\"3a837a4\" data-element_type=\"widget\" data-e-type=\"widget\" data-widget_type=\"heading.default\">\n\t\t\t\t<div class=\"elementor-widget-container\">\n\t\t\t\t\t<h1 class=\"elementor-heading-title elementor-size-default\">Estrat\u00e9gias de Influ\u00eancia nas Redes Sociais: <br>An\u00e1lise de Trump e Harris na Corrida Eleitoral  <\/h1>\t\t\t\t<\/div>\n\t\t\t\t<\/div>\n\t\t\t\t\t<\/div>\n\t\t\t\t<\/div>\n\t\t<div class=\"elementor-element elementor-element-7124664 e-flex e-con-boxed e-con e-parent\" data-id=\"7124664\" data-element_type=\"container\" data-e-type=\"container\">\n\t\t\t\t\t<div class=\"e-con-inner\">\n\t\t<div class=\"elementor-element elementor-element-6753792 e-con-full e-flex e-con e-child\" data-id=\"6753792\" data-element_type=\"container\" data-e-type=\"container\">\n\t\t\t\t<div class=\"elementor-element elementor-element-60a90f4 elementor-widget elementor-widget-text-editor\" data-id=\"60a90f4\" data-element_type=\"widget\" data-e-type=\"widget\" data-widget_type=\"text-editor.default\">\n\t\t\t\t<div class=\"elementor-widget-container\">\n\t\t\t\t\t\t\t\t\t<p>Descubra <strong>como os candidatos presidenciais norte-americanos captam a aten\u00e7\u00e3o nas redes sociais.\u00a0<\/strong><\/p><p>Este estudo da SocialPubli <strong>analisa o comportamento dos utilizadores e revela insights sobre o engagement, a frequ\u00eancia de publica\u00e7\u00e3o e o alcance de figuras como Donald Trump e Kamala Harris<\/strong> nas principais plataformas.\u00a0<\/p><p>Atrav\u00e9s de uma compara\u00e7\u00e3o de m\u00e9tricas e tend\u00eancias, <strong>mostramos como as redes sociais se tornam numa ferramenta decisiva na batalha pol\u00edtica atual.<\/strong> Uma leitura essencial para compreender o poder da influ\u00eancia digital no contexto eleitoral.\u00a0\u00a0<\/p>\t\t\t\t\t\t\t\t<\/div>\n\t\t\t\t<\/div>\n\t\t\t\t<div class=\"elementor-element elementor-element-c62e5a1 elementor-widget elementor-widget-image\" data-id=\"c62e5a1\" data-element_type=\"widget\" data-e-type=\"widget\" data-widget_type=\"image.default\">\n\t\t\t\t<div class=\"elementor-widget-container\">\n\t\t\t\t\t\t\t\t\t\t\t\t\t\t\t<img fetchpriority=\"high\" decoding=\"async\" width=\"800\" height=\"382\" src=\"https:\/\/socialpubli.com\/blog\/wp-content\/uploads\/2024\/10\/Mockup-1024x489.png\" class=\"attachment-large size-large wp-image-24865\" alt=\"\" srcset=\"https:\/\/socialpubli.com\/blog\/wp-content\/uploads\/2024\/10\/Mockup-1024x489.png 1024w, https:\/\/socialpubli.com\/blog\/wp-content\/uploads\/2024\/10\/Mockup-300x143.png 300w, https:\/\/socialpubli.com\/blog\/wp-content\/uploads\/2024\/10\/Mockup-768x367.png 768w, https:\/\/socialpubli.com\/blog\/wp-content\/uploads\/2024\/10\/Mockup-1536x734.png 1536w, https:\/\/socialpubli.com\/blog\/wp-content\/uploads\/2024\/10\/Mockup-2048x978.png 2048w\" sizes=\"(max-width: 800px) 100vw, 800px\" \/>\t\t\t\t\t\t\t\t\t\t\t\t\t\t\t<\/div>\n\t\t\t\t<\/div>\n\t\t\t\t<\/div>\n\t\t<div class=\"elementor-element elementor-element-8018992 e-con-full e-flex e-con e-child\" data-id=\"8018992\" data-element_type=\"container\" data-e-type=\"container\">\n\t\t\t\t<div class=\"elementor-element elementor-element-e5814f2 elementor-widget elementor-widget-text-editor\" data-id=\"e5814f2\" data-element_type=\"widget\" data-e-type=\"widget\" data-widget_type=\"text-editor.default\">\n\t\t\t\t<div class=\"elementor-widget-container\">\n\t\t\t\t\t\t\t\t\t<p>Descarregue o estudo gratuitamente aqui!<\/p>\t\t\t\t\t\t\t\t<\/div>\n\t\t\t\t<\/div>\n\t\t\t\t<div class=\"elementor-element elementor-element-2708034 box-form-land elementor-button-align-stretch elementor-widget elementor-widget-form\" data-id=\"2708034\" data-element_type=\"widget\" data-e-type=\"widget\" data-settings=\"{&quot;step_next_label&quot;:&quot;Next&quot;,&quot;step_previous_label&quot;:&quot;Previous&quot;,&quot;button_width&quot;:&quot;100&quot;,&quot;step_type&quot;:&quot;number_text&quot;,&quot;step_icon_shape&quot;:&quot;circle&quot;}\" data-widget_type=\"form.default\">\n\t\t\t\t<div class=\"elementor-widget-container\">\n\t\t\t\t\t\t\t<form class=\"elementor-form\" method=\"post\" name=\"New Form\" aria-label=\"New Form\">\n\t\t\t<input type=\"hidden\" name=\"post_id\" value=\"24796\"\/>\n\t\t\t<input type=\"hidden\" name=\"form_id\" value=\"2708034\"\/>\n\t\t\t<input type=\"hidden\" name=\"referer_title\" value=\"An\u00e1lise das Estrat\u00e9gias de Influ\u00eancia de Trump e Harris nas Redes Sociais\" \/>\n\n\t\t\t\t\t\t\t<input type=\"hidden\" name=\"queried_id\" value=\"24796\"\/>\n\t\t\t\n\t\t\t<div class=\"elementor-form-fields-wrapper elementor-labels-above\">\n\t\t\t\t\t\t\t\t<div class=\"elementor-field-type-text elementor-field-group elementor-column elementor-field-group-name elementor-col-100 elementor-field-required elementor-mark-required\">\n\t\t\t\t\t\t\t\t\t\t\t\t<label for=\"form-field-name\" class=\"elementor-field-label\">\n\t\t\t\t\t\t\t\tSeu Nome\t\t\t\t\t\t\t<\/label>\n\t\t\t\t\t\t\t\t\t\t\t\t\t\t<input size=\"1\" type=\"text\" name=\"form_fields[name]\" id=\"form-field-name\" class=\"elementor-field elementor-size-sm  elementor-field-textual\" placeholder=\"Nome\" required=\"required\">\n\t\t\t\t\t\t\t\t\t\t\t<\/div>\n\t\t\t\t\t\t\t\t<div class=\"elementor-field-type-email elementor-field-group elementor-column elementor-field-group-email elementor-col-100 elementor-field-required elementor-mark-required\">\n\t\t\t\t\t\t\t\t\t\t\t\t<label for=\"form-field-email\" class=\"elementor-field-label\">\n\t\t\t\t\t\t\t\tSeu Email\t\t\t\t\t\t\t<\/label>\n\t\t\t\t\t\t\t\t\t\t\t\t\t\t<input size=\"1\" type=\"email\" name=\"form_fields[email]\" id=\"form-field-email\" class=\"elementor-field elementor-size-sm  elementor-field-textual\" placeholder=\"Email\" required=\"required\">\n\t\t\t\t\t\t\t\t\t\t\t<\/div>\n\t\t\t\t\t\t\t\t<div class=\"elementor-field-type-text elementor-field-group elementor-column elementor-field-group-message elementor-col-100 elementor-field-required elementor-mark-required\">\n\t\t\t\t\t\t\t\t\t\t\t\t<label for=\"form-field-message\" class=\"elementor-field-label\">\n\t\t\t\t\t\t\t\tSua Empresa\t\t\t\t\t\t\t<\/label>\n\t\t\t\t\t\t\t\t\t\t\t\t\t\t<input size=\"1\" type=\"text\" name=\"form_fields[message]\" id=\"form-field-message\" class=\"elementor-field elementor-size-sm  elementor-field-textual\" placeholder=\"Empresa\" required=\"required\">\n\t\t\t\t\t\t\t\t\t\t\t<\/div>\n\t\t\t\t\t\t\t\t<div class=\"elementor-field-type-acceptance elementor-field-group elementor-column elementor-field-group-field_9f5f9f4 elementor-col-100 elementor-field-required elementor-mark-required\">\n\t\t\t\t\t\t\t<div class=\"elementor-field-subgroup\">\n\t\t\t<span class=\"elementor-field-option\">\n\t\t\t\t<input type=\"checkbox\" name=\"form_fields[field_9f5f9f4]\" id=\"form-field-field_9f5f9f4\" class=\"elementor-field elementor-size-sm  elementor-acceptance-field\" required=\"required\">\n\t\t\t\t<label for=\"form-field-field_9f5f9f4\"> Aceito a Pol\u00edtica de Privacidade<\/label>\t\t\t<\/span>\n\t\t<\/div>\n\t\t\t\t\t\t<\/div>\n\t\t\t\t\t\t\t\t<div class=\"elementor-field-type-acceptance elementor-field-group elementor-column elementor-field-group-field_ea5d0ca elementor-col-100\">\n\t\t\t\t\t\t\t<div class=\"elementor-field-subgroup\">\n\t\t\t<span class=\"elementor-field-option\">\n\t\t\t\t<input type=\"checkbox\" name=\"form_fields[field_ea5d0ca]\" id=\"form-field-field_ea5d0ca\" class=\"elementor-field elementor-size-sm  elementor-acceptance-field\">\n\t\t\t\t<label for=\"form-field-field_ea5d0ca\"> Aceito a comunica\u00e7\u00e3o comercial da SocialPubli<\/label>\t\t\t<\/span>\n\t\t<\/div>\n\t\t\t\t\t\t<\/div>\n\t\t\t\t\t\t\t\t<div class=\"elementor-field-group elementor-column elementor-field-type-submit elementor-col-100 e-form__buttons\">\n\t\t\t\t\t<button class=\"elementor-button elementor-size-sm\" type=\"submit\">\n\t\t\t\t\t\t<span class=\"elementor-button-content-wrapper\">\n\t\t\t\t\t\t\t\t\t\t\t\t\t\t\t\t\t\t\t\t\t\t<span class=\"elementor-button-text\">Enviar<\/span>\n\t\t\t\t\t\t\t\t\t\t\t\t\t<\/span>\n\t\t\t\t\t<\/button>\n\t\t\t\t<\/div>\n\t\t\t<\/div>\n\t\t<\/form>\n\t\t\t\t\t\t<\/div>\n\t\t\t\t<\/div>\n\t\t\t\t<\/div>\n\t\t\t\t\t<\/div>\n\t\t\t\t<\/div>\n\t\t\t\t<\/div>\n\t\t","protected":false},"excerpt":{"rendered":"<p>Estrat\u00e9gias de Influ\u00eancia nas Redes Sociais: An\u00e1lise de Trump e Harris na Corrida Eleitoral Descubra como os candidatos presidenciais norte-americanos captam a aten\u00e7\u00e3o nas redes sociais.\u00a0 Este estudo da SocialPubli analisa o comportamento dos utilizadores e revela insights sobre o engagement, a frequ\u00eancia de publica\u00e7\u00e3o e o alcance de figuras como Donald Trump e Kamala [&hellip;]<\/p>\n","protected":false},"author":2,"featured_media":24824,"parent":0,"menu_order":0,"comment_status":"closed","ping_status":"closed","template":"elementor_header_footer","meta":{"footnotes":""},"class_list":["post-24796","page","type-page","status-publish","has-post-thumbnail","hentry"],"yoast_head":"<!-- This site is optimized with the Yoast SEO plugin v27.0 - https:\/\/yoast.com\/product\/yoast-seo-wordpress\/ -->\n<title>An\u00e1lise das Estrat\u00e9gias de Influ\u00eancia de Trump e Harris nas Redes Sociais<\/title>\n<meta name=\"description\" content=\"Explore como Donald Trump e Kamala Harris dominam as redes sociais na corrida eleitoral dos EUA. Este estudo da SocialPubli revela insights valiosos sobre engajamento, frequ\u00eancia de publica\u00e7\u00f5es e o impacto da influ\u00eancia digital na pol\u00edtica contempor\u00e2nea. Entenda as t\u00e1ticas que moldam a opini\u00e3o p\u00fablica!\" \/>\n<meta name=\"robots\" content=\"index, follow, max-snippet:-1, max-image-preview:large, max-video-preview:-1\" \/>\n<link rel=\"canonical\" href=\"https:\/\/socialpubli.com\/blog\/pt-pt\/estrategias-de-influencia-nas-redes-sociais\/\" \/>\n<meta property=\"og:locale\" content=\"pt_PT\" \/>\n<meta property=\"og:type\" content=\"article\" \/>\n<meta property=\"og:title\" content=\"Estrat\u00e9gias de Influ\u00eancia nas Redes Sociais:An\u00e1lise de Trump e Harris na Corrida Eleitoral\" \/>\n<meta property=\"og:description\" content=\"Descubra como os candidatos presidenciais norte-americanos captam a aten\u00e7\u00e3o nas redes sociais.\" \/>\n<meta property=\"og:url\" content=\"https:\/\/socialpubli.com\/blog\/pt-pt\/estrategias-de-influencia-nas-redes-sociais\/\" \/>\n<meta property=\"og:site_name\" content=\"Social Publi Blog\" \/>\n<meta property=\"article:modified_time\" content=\"2024-10-31T14:41:48+00:00\" \/>\n<meta property=\"og:image\" content=\"https:\/\/socialpubli.com\/blog\/wp-content\/uploads\/2024\/10\/Tweet-card.jpg\" \/>\n\t<meta property=\"og:image:width\" content=\"560\" \/>\n\t<meta property=\"og:image:height\" content=\"281\" \/>\n\t<meta property=\"og:image:type\" content=\"image\/jpeg\" \/>\n<meta name=\"twitter:card\" content=\"summary_large_image\" \/>\n<meta name=\"twitter:label1\" content=\"Tempo estimado de leitura\" \/>\n\t<meta name=\"twitter:data1\" content=\"1 minuto\" \/>\n<script type=\"application\/ld+json\" class=\"yoast-schema-graph\">{\"@context\":\"https:\/\/schema.org\",\"@graph\":[{\"@type\":\"WebPage\",\"@id\":\"https:\/\/socialpubli.com\/blog\/pt-pt\/estrategias-de-influencia-nas-redes-sociais\/\",\"url\":\"https:\/\/socialpubli.com\/blog\/pt-pt\/estrategias-de-influencia-nas-redes-sociais\/\",\"name\":\"An\u00e1lise das Estrat\u00e9gias de Influ\u00eancia de Trump e Harris nas Redes Sociais\",\"isPartOf\":{\"@id\":\"https:\/\/socialpubli.com\/blog\/#website\"},\"primaryImageOfPage\":{\"@id\":\"https:\/\/socialpubli.com\/blog\/pt-pt\/estrategias-de-influencia-nas-redes-sociais\/#primaryimage\"},\"image\":{\"@id\":\"https:\/\/socialpubli.com\/blog\/pt-pt\/estrategias-de-influencia-nas-redes-sociais\/#primaryimage\"},\"thumbnailUrl\":\"https:\/\/socialpubli.com\/blog\/wp-content\/uploads\/2024\/10\/Tweet-card.jpg\",\"datePublished\":\"2024-10-30T12:52:06+00:00\",\"dateModified\":\"2024-10-31T14:41:48+00:00\",\"description\":\"Explore como Donald Trump e Kamala Harris dominam as redes sociais na corrida eleitoral dos EUA. Este estudo da SocialPubli revela insights valiosos sobre engajamento, frequ\u00eancia de publica\u00e7\u00f5es e o impacto da influ\u00eancia digital na pol\u00edtica contempor\u00e2nea. Entenda as t\u00e1ticas que moldam a opini\u00e3o p\u00fablica!\",\"breadcrumb\":{\"@id\":\"https:\/\/socialpubli.com\/blog\/pt-pt\/estrategias-de-influencia-nas-redes-sociais\/#breadcrumb\"},\"inLanguage\":\"pt-PT\",\"potentialAction\":[{\"@type\":\"ReadAction\",\"target\":[\"https:\/\/socialpubli.com\/blog\/pt-pt\/estrategias-de-influencia-nas-redes-sociais\/\"]}]},{\"@type\":\"ImageObject\",\"inLanguage\":\"pt-PT\",\"@id\":\"https:\/\/socialpubli.com\/blog\/pt-pt\/estrategias-de-influencia-nas-redes-sociais\/#primaryimage\",\"url\":\"https:\/\/socialpubli.com\/blog\/wp-content\/uploads\/2024\/10\/Tweet-card.jpg\",\"contentUrl\":\"https:\/\/socialpubli.com\/blog\/wp-content\/uploads\/2024\/10\/Tweet-card.jpg\",\"width\":560,\"height\":281},{\"@type\":\"BreadcrumbList\",\"@id\":\"https:\/\/socialpubli.com\/blog\/pt-pt\/estrategias-de-influencia-nas-redes-sociais\/#breadcrumb\",\"itemListElement\":[{\"@type\":\"ListItem\",\"position\":1,\"name\":\"Portada\",\"item\":\"https:\/\/socialpubli.com\/blog\/\"},{\"@type\":\"ListItem\",\"position\":2,\"name\":\"Estrat\u00e9gias de Influ\u00eancia nas Redes Sociais: An\u00e1lise de Trump e Harris na Corrida Eleitoral\"}]},{\"@type\":\"WebSite\",\"@id\":\"https:\/\/socialpubli.com\/blog\/#website\",\"url\":\"https:\/\/socialpubli.com\/blog\/\",\"name\":\"Social Publi Blog\",\"description\":\"Tendencias en marketing de influencers, branded content y estrategia en redes sociales.\",\"publisher\":{\"@id\":\"https:\/\/socialpubli.com\/blog\/#organization\"},\"potentialAction\":[{\"@type\":\"SearchAction\",\"target\":{\"@type\":\"EntryPoint\",\"urlTemplate\":\"https:\/\/socialpubli.com\/blog\/?s={search_term_string}\"},\"query-input\":{\"@type\":\"PropertyValueSpecification\",\"valueRequired\":true,\"valueName\":\"search_term_string\"}}],\"inLanguage\":\"pt-PT\"},{\"@type\":\"Organization\",\"@id\":\"https:\/\/socialpubli.com\/blog\/#organization\",\"name\":\"SocialPubli\",\"url\":\"https:\/\/socialpubli.com\/blog\/\",\"logo\":{\"@type\":\"ImageObject\",\"inLanguage\":\"pt-PT\",\"@id\":\"https:\/\/socialpubli.com\/blog\/#\/schema\/logo\/image\/\",\"url\":\"https:\/\/socialpubli.com\/blog\/wp-content\/uploads\/2017\/01\/logo-blog.png\",\"contentUrl\":\"https:\/\/socialpubli.com\/blog\/wp-content\/uploads\/2017\/01\/logo-blog.png\",\"width\":284,\"height\":53,\"caption\":\"SocialPubli\"},\"image\":{\"@id\":\"https:\/\/socialpubli.com\/blog\/#\/schema\/logo\/image\/\"}}]}<\/script>\n<!-- \/ Yoast SEO plugin. -->","yoast_head_json":{"title":"An\u00e1lise das Estrat\u00e9gias de Influ\u00eancia de Trump e Harris nas Redes Sociais","description":"Explore como Donald Trump e Kamala Harris dominam as redes sociais na corrida eleitoral dos EUA. Este estudo da SocialPubli revela insights valiosos sobre engajamento, frequ\u00eancia de publica\u00e7\u00f5es e o impacto da influ\u00eancia digital na pol\u00edtica contempor\u00e2nea. Entenda as t\u00e1ticas que moldam a opini\u00e3o p\u00fablica!","robots":{"index":"index","follow":"follow","max-snippet":"max-snippet:-1","max-image-preview":"max-image-preview:large","max-video-preview":"max-video-preview:-1"},"canonical":"https:\/\/socialpubli.com\/blog\/pt-pt\/estrategias-de-influencia-nas-redes-sociais\/","og_locale":"pt_PT","og_type":"article","og_title":"Estrat\u00e9gias de Influ\u00eancia nas Redes Sociais:An\u00e1lise de Trump e Harris na Corrida Eleitoral","og_description":"Descubra como os candidatos presidenciais norte-americanos captam a aten\u00e7\u00e3o nas redes sociais.","og_url":"https:\/\/socialpubli.com\/blog\/pt-pt\/estrategias-de-influencia-nas-redes-sociais\/","og_site_name":"Social Publi Blog","article_modified_time":"2024-10-31T14:41:48+00:00","og_image":[{"width":560,"height":281,"url":"https:\/\/socialpubli.com\/blog\/wp-content\/uploads\/2024\/10\/Tweet-card.jpg","type":"image\/jpeg"}],"twitter_card":"summary_large_image","twitter_misc":{"Tempo estimado de leitura":"1 minuto"},"schema":{"@context":"https:\/\/schema.org","@graph":[{"@type":"WebPage","@id":"https:\/\/socialpubli.com\/blog\/pt-pt\/estrategias-de-influencia-nas-redes-sociais\/","url":"https:\/\/socialpubli.com\/blog\/pt-pt\/estrategias-de-influencia-nas-redes-sociais\/","name":"An\u00e1lise das Estrat\u00e9gias de Influ\u00eancia de Trump e Harris nas Redes Sociais","isPartOf":{"@id":"https:\/\/socialpubli.com\/blog\/#website"},"primaryImageOfPage":{"@id":"https:\/\/socialpubli.com\/blog\/pt-pt\/estrategias-de-influencia-nas-redes-sociais\/#primaryimage"},"image":{"@id":"https:\/\/socialpubli.com\/blog\/pt-pt\/estrategias-de-influencia-nas-redes-sociais\/#primaryimage"},"thumbnailUrl":"https:\/\/socialpubli.com\/blog\/wp-content\/uploads\/2024\/10\/Tweet-card.jpg","datePublished":"2024-10-30T12:52:06+00:00","dateModified":"2024-10-31T14:41:48+00:00","description":"Explore como Donald Trump e Kamala Harris dominam as redes sociais na corrida eleitoral dos EUA. Este estudo da SocialPubli revela insights valiosos sobre engajamento, frequ\u00eancia de publica\u00e7\u00f5es e o impacto da influ\u00eancia digital na pol\u00edtica contempor\u00e2nea. Entenda as t\u00e1ticas que moldam a opini\u00e3o p\u00fablica!","breadcrumb":{"@id":"https:\/\/socialpubli.com\/blog\/pt-pt\/estrategias-de-influencia-nas-redes-sociais\/#breadcrumb"},"inLanguage":"pt-PT","potentialAction":[{"@type":"ReadAction","target":["https:\/\/socialpubli.com\/blog\/pt-pt\/estrategias-de-influencia-nas-redes-sociais\/"]}]},{"@type":"ImageObject","inLanguage":"pt-PT","@id":"https:\/\/socialpubli.com\/blog\/pt-pt\/estrategias-de-influencia-nas-redes-sociais\/#primaryimage","url":"https:\/\/socialpubli.com\/blog\/wp-content\/uploads\/2024\/10\/Tweet-card.jpg","contentUrl":"https:\/\/socialpubli.com\/blog\/wp-content\/uploads\/2024\/10\/Tweet-card.jpg","width":560,"height":281},{"@type":"BreadcrumbList","@id":"https:\/\/socialpubli.com\/blog\/pt-pt\/estrategias-de-influencia-nas-redes-sociais\/#breadcrumb","itemListElement":[{"@type":"ListItem","position":1,"name":"Portada","item":"https:\/\/socialpubli.com\/blog\/"},{"@type":"ListItem","position":2,"name":"Estrat\u00e9gias de Influ\u00eancia nas Redes Sociais: An\u00e1lise de Trump e Harris na Corrida Eleitoral"}]},{"@type":"WebSite","@id":"https:\/\/socialpubli.com\/blog\/#website","url":"https:\/\/socialpubli.com\/blog\/","name":"Social Publi Blog","description":"Tendencias en marketing de influencers, branded content y estrategia en redes sociales.","publisher":{"@id":"https:\/\/socialpubli.com\/blog\/#organization"},"potentialAction":[{"@type":"SearchAction","target":{"@type":"EntryPoint","urlTemplate":"https:\/\/socialpubli.com\/blog\/?s={search_term_string}"},"query-input":{"@type":"PropertyValueSpecification","valueRequired":true,"valueName":"search_term_string"}}],"inLanguage":"pt-PT"},{"@type":"Organization","@id":"https:\/\/socialpubli.com\/blog\/#organization","name":"SocialPubli","url":"https:\/\/socialpubli.com\/blog\/","logo":{"@type":"ImageObject","inLanguage":"pt-PT","@id":"https:\/\/socialpubli.com\/blog\/#\/schema\/logo\/image\/","url":"https:\/\/socialpubli.com\/blog\/wp-content\/uploads\/2017\/01\/logo-blog.png","contentUrl":"https:\/\/socialpubli.com\/blog\/wp-content\/uploads\/2017\/01\/logo-blog.png","width":284,"height":53,"caption":"SocialPubli"},"image":{"@id":"https:\/\/socialpubli.com\/blog\/#\/schema\/logo\/image\/"}}]}},"_links":{"self":[{"href":"https:\/\/socialpubli.com\/blog\/pt-pt\/wp-json\/wp\/v2\/pages\/24796","targetHints":{"allow":["GET"]}}],"collection":[{"href":"https:\/\/socialpubli.com\/blog\/pt-pt\/wp-json\/wp\/v2\/pages"}],"about":[{"href":"https:\/\/socialpubli.com\/blog\/pt-pt\/wp-json\/wp\/v2\/types\/page"}],"author":[{"embeddable":true,"href":"https:\/\/socialpubli.com\/blog\/pt-pt\/wp-json\/wp\/v2\/users\/2"}],"replies":[{"embeddable":true,"href":"https:\/\/socialpubli.com\/blog\/pt-pt\/wp-json\/wp\/v2\/comments?post=24796"}],"version-history":[{"count":80,"href":"https:\/\/socialpubli.com\/blog\/pt-pt\/wp-json\/wp\/v2\/pages\/24796\/revisions"}],"predecessor-version":[{"id":24909,"href":"https:\/\/socialpubli.com\/blog\/pt-pt\/wp-json\/wp\/v2\/pages\/24796\/revisions\/24909"}],"wp:featuredmedia":[{"embeddable":true,"href":"https:\/\/socialpubli.com\/blog\/pt-pt\/wp-json\/wp\/v2\/media\/24824"}],"wp:attachment":[{"href":"https:\/\/socialpubli.com\/blog\/pt-pt\/wp-json\/wp\/v2\/media?parent=24796"}],"curies":[{"name":"wp","href":"https:\/\/api.w.org\/{rel}","templated":true}]}}